umber?
False
Let b(w) = 4*w**2 + 6*w + 14. Let h be b(-3). Suppose -3*k = 5*s + 6, -2*s - 2 = 4. Suppose 4*o = -5*d - h + 467, -k*d + 4*o = -261. Is d a composite number?
True
Is 400 + (-5)/(5/3) composite?
False
Suppose 5*z - 3*t = 30, 2*z + 5*t + 8 + 11 = 0. Suppose -z*o - 2*g = -80 + 18, 0 = -2*g - 4. Let v = o - -63. Is v prime?
False
Suppose 4*a = -5*r + 46 - 2, 14 = a + 2*r. Let u(w) = 3*w**2 + 5*w - 5. Is u(a) prime?
False
Let c = -4 - 1. Let d(a) = -31*a + 6. Is d(c) prime?
False
Suppose 0 = -2*c - 0 + 16. Suppose 3*z - 4*z = -3. Suppose 2*u - 198 = -2*t, -z*u - 400 = -4*t - c*u. Is t composite?
True
Let h = -14 - -5. Let w be 6/(-4)*30/h. Suppose 171 = w*l - 4*j - 86, -2*l - j + 108 = 0. Is l a prime number?
True
Let f(q) = -7*q - 2. Suppose 7*b = 4*b. Suppose b = -2*v - 2*v - 12. Is f(v) a composite number?
False
Suppose -2*f + f + 7 = 0. Suppose f*n - 3*n - 1676 = 0. Is n a prime number?
True
Let f = 4 - 1. Suppose f*i = 2*o - 0*o - 177, 4*i = -5*o + 431. Is o prime?
False
Suppose 0 = 5*w - 3*w + r - 537, 0 = 4*w - r - 1071. Suppose 4*n - 1032 = 4*f, 0*n - w = -n + 3*f. Is n prime?
False
Let v(q) = -2*q**3 - 2*q**2 + q - 1. Let x be v(-2). Let s = x + -2. Let z(d) = d**3 + 2*d + 4. Is z(s) a composite number?
False
Let g(z) = -53*z**3 - z**2 + 1. Let h = 5 - 6. Is g(h) prime?
True
Let c = 440 - 117. Is c prime?
False
Let s be 5*((-12)/5 - -2). Let p be 2 + (-578)/s + -1. Let f = -201 + p. Is f a composite number?
False
Suppose 0 = -3*z + 52 + 197. Is z a composite number?
False
Suppose 0 = 5*p + 1 - 16. Let x(a) = 4*a**2 - p*a - 4 + 0*a**2 + 4*a. Is x(3) a composite number?
True
Suppose 0 = 4*l + 4*z + 1 - 37, 3*l = 4*z - 8. Suppose -r - r = -l. Suppose -k - 8 = -r*k + a, 4*k + 5*a = 59. Is k a prime number?
True
Let c(z) = -83*z**3 + 2*z**2 + z + 3. Is c(-2) prime?
True
Is 6/10 - 8316/(-90) a composite number?
True
Let o = -371 + 728. Suppose h = -2*h + o. Is h a prime number?
False
Suppose -q - 137 = -2*q + 4*x, 3*x - 230 = -2*q. Is q a prime number?
False
Let p be (-4635)/18 - (-1)/(-2). Let g = p + 407. Is g a composite number?
False
Let k(g) = -g**2 - 10*g - 6. Let h be k(-9). Suppose -2*n = -h*n + 59. Is n a prime number?
True
Suppose 44 = l + 5*b, 5*b - 44 = 5*l - 174. Let h be l + (-2 + 2 - -1). Suppose c = 1 + h. Is c prime?
True
Let q = 4 - -1. Let c(k) = -k**2 + 6*k + 1. Is c(q) composite?
True
Suppose 0 = -2*x + 4*a - 12, 0*x + 14 = -4*x + 3*a. Let i = x - -3. Is 32 + (-1 - 1) + i composite?
False
Let r be 3/2*4/(-6). Let f = -3 - r. Is (17 + f)*8/12 composite?
True
Suppose 1367 + 1422 = p. Is p a composite number?
False
Let v(h) = 2*h**2 - 3*h - 4. Let j be v(3). Let r = j - 11. Let m(y) = y**3 + 7*y**2 - 5*y + 1. Is m(r) a prime number?
True
Suppose -l + 39 = -14. Is l a composite number?
False
Let y(t) be the first derivative of 2 + 5/2*t**2 + 0*t. Is y(7) a prime number?
False
Let a(t) be the first derivative of -35*t**2 - 3*t - 6. Is a(-7) prime?
True
Suppose -g + 3*j + 366 = 0, 1177 = 3*g - 3*j + 49. Is g a composite number?
True
Let m(d) be the third derivative of -d**6/120 - d**5/10 + d**4/8 + d**3 + 4*d**2. Is m(-7) a prime number?
False
Suppose -3*o = -7*o - 76. Let t = 40 + o. Is t a composite number?
True
Suppose -3*i + 2*n + 535 = -430, -4*n = 4. Let k = -64 + i. Is k composite?
False
Is (-8)/(-12) - (-410)/6 a prime number?
False
Let g(s) = 7*s**3 + 3*s**2 - 1. Let b be g(-2). Let w be (14/6)/((-1)/b). Suppose w = 2*c + c. Is c a composite number?
True
Let h(n) = 7*n**3 - n**2 - 10*n + 17. Let m(u) = u**3 + u**2 + 1. Let f(g) = h(g) - 6*m(g). Let b be f(8). Is b/(15/(-6)) - -8 a composite number?
True
Let x(w) = 1852*w**2 + 2*w - 2. Let r be x(1). Suppose -r = -5*a + 663. Is a a composite number?
False
Let i = 12 - 9. Suppose -4*w - i*p = -0*p - 807, -3*p - 399 = -2*w. Is w composite?
True
Suppose 0 = 5*t + 2*q - 4*q - 2905, 2*t + 3*q = 1181. Is t a composite number?
True
Let d = -36 - -1. Let r = 185 + -81. Let j = r + d. Is j composite?
True
Suppose -2*k - 2*i - 16 = -4*k, -4*k - i + 17 = 0. Let w(b) = 11*b**2 + 4*b - 6. Is w(k) composite?
True
Suppose -7*w = -10956 + 3557. Is w prime?
False
Let t = 670 + -447. Is t a prime number?
True
Let p = 49689 - 29444. Is p a composite number?
True
Let h be 0 + 1 - (3 + -4). Let l be 45/1 + h*-1. Suppose -2*v + 4*k + 78 = 0, 3*k = v - k - l. Is v prime?
False
Suppose -3*g - 19 = -5*l, -4*g + 3*g + 2*l = 8. Suppose -4*r = -g*q + 594, -2*q + 2*r = 3*r - 614. Let n = q + -218. Is n a prime number?
False
Let o(t) = t**2 + 9*t. Let s = -19 - -10. Let k be o(s). Suppose k = 5*c - 2*c - 393. Is c prime?
True
Let j(c) = 27*c**2 + 5*c + 5. Let x be j(5). Let q be x/(-7) - (-8)/(-28). Let t = 190 + q. Is t a composite number?
False
Let d = 4 - 14. Let o(h) = h**3 + 11*h**2 + 2*h - 1. Is o(d) a prime number?
True
Let z = 8 + -8. Suppose b + 3 = 2*x, 0 = 2*b - x - 3 - z. Suppose -b*j + 2*s = s - 669, 0 = 5*s. Is j a composite number?
False
Suppose -3*t + 13 = z - 2, 3 = -3*z + 3*t. Let j = 1015 + -447. Is 1/z + j/6 a prime number?
False
Suppose 3*s = 10 + 50. Let y = s + -9. Is y a composite number?
False
Let c = 2 + 1. Let w = 7 - c. Suppose -w*m + 310 + 70 = 0. Is m a composite number?
True
Suppose 0*l - 5*l - 2130 = 2*s, -4 = l. Is (-2)/(5/(s/2)) prime?
True
Suppose -7*a + 2*a - 712 = -2*b, 5*a = -b + 371. Is b a prime number?
False
Let t = -1 - 6. Let j(x) = x**3 + 7*x**2 + 7. Is j(t) a composite number?
False
Let d be 1 + 1 + -3 - -3. Let i be (-2)/5 - 84/(-10). Let n = i - d. Is n a prime number?
False
Let s = -185 + 276. Is s a composite number?
True
Is (55 - 8)/(2/6) prime?
False
Let m = -8 - -1. Let p = 3 + m. Is (220/(-25))/(p/10) composite?
True
Let r = 9 - 6. Suppose r*h = -2*h + 105. Is h a composite number?
True
Let w(k) = -90*k + 7. Let a(u) = -45*u + 3. Let t(d) = 5*a(d) - 2*w(d). Is t(-2) composite?
True
Let g(p) = -2*p. Suppose -3*u + 2*u - 2 = 0. Let a be g(u). Suppose 239 = 5*k + a. Is k composite?
False
Suppose o = -3*o + 15844. Is o a prime number?
False
Suppose 0 = -h + 2*b + 2856 + 8125, 10989 = h - 4*b. Is h prime?
True
Let h = 6 - 2. Let p be 0 + (-2 + h - 2). Is (p + -12)/(-1) - -1 a composite number?
False
Let l be (-103)/(-5) + (-4)/(-10). Let s be 4/(-6) - l/9. Is (-1)/((-94)/31 - s) composite?
False
Let p = 6 + -4. Let k be (-42)/(-30) + p/(-5). Let y(n) = 20*n + 1. Is y(k) prime?
False
Let c(g) = -g**3 - 16*g**2 + 5*g - 19. Is c(-17) a composite number?
True
Let l = -12 + 16. Is l prime?
False
Suppose -62 = -12*o + 10*o. Is o a composite number?
False
Let d(h) = -h**3 + h**2 - h - 1. Let q(k) = -7*k**3 + 13*k**2 + k + 4. Let z(u) = -6*d(u) + q(u). Is z(7) a prime number?
True
Let x be ((-24)/21)/(4/(-14)). Let c(m) = 2*m**3 + 2*m**2 - 2*m + 6. Is c(x) a composite number?
True
Let w be 3/((-27)/(-213))*3. Let d be 1/3*1*222. Suppose 0 = y - d - w. Is y prime?
False
Let m = 489 + -292. Suppose 0 = 3*c + 4*g - 64 - m, 5*g = -2*c + 167. Is c a composite number?
True
Suppose -2*p = 2*j - 302, -2*p + 3*j + 216 + 76 = 0. Is p a prime number?
True
Suppose 2*i = 69 - 3. Is i a prime number?
False
Suppose -5*t + 1 = -19. Let m = t + -1. Suppose m*q - 263 = -104. Is q prime?
True
Let p be ((-2)/4)/((-11)/682). Let k = p - -26. Is k a prime number?
False
Let u = 22 - 11. Let d = -7 + u. Suppose 44 = d*x - 48. Is x prime?
True
Let q be (-11212)/(-16) - 2/(-8). Let p = q + -375. Is p composite?
True
Suppose -q + 2*q - 1191 = 0. Suppose -c - 244 - 68 = -4*y, -4*c - 3*y = q. Is (c - 7)*(-2 - -1) composite?
False
Let z(h) be the second derivative of -h**5/20 + 5*h**4/12 + 7*h**3/6 + h**2/2 + h. Is z(6) composite?
False
Is (-2)/3 + (-8400)/(-18) a composite number?
True
Suppose -6 = 3*o, 5*z + o = 2*o + 42. Suppose z*r = 7*r + 38. Is r prime?
False
Let p = -23 + 41. Suppose p - 2 = -4*j. Is 382/j*(-1 + -1) a prime number?
True
Let o(k) = -7*k - 1. Let u be o(-1). Suppose 0*v + 4*v - 940 = 0. Suppose -w = -u*w + v. Is w a prime number?
True
Let d = 2 + -11. Let o be 3/9 - 33/d. Suppose o*g + g + 255 = 5*b, -20 = 5*g. Is b a composite number?
False
Let q(n) = 12*n**2 - 2*n + 4. Let b be q(5). Suppose -70 - b = -4*h - 5*k, -5*h - 5*k = -450. Is h a prime number?
False
Suppose x = 5*a + 537, 5*a - 2056 = -4*x + 2*a. Is x prime?
False
Let v be 6/(-21) - (-16)/7. 